**2 - n + 2. Calculate t(v).
6
Suppose 2*b + b - 9 = 0. Let l(u) = u**3 - 5*u**2 + 3*u - 1. Give l(b).
-10
Let u = 27 + -53/2. Let v(w) be the second derivative of -1/20*w**5 + 0 - u*w**4 - w**2 - 2/3*w**3 + w. What is v(-5)?
-7
Let g(o) = 4*o**2 - 2*o + 1. Suppose 3*t - t = -8. Suppose -5*y - 18 = -3. Let h(r) = -5*r**2 + 3*r - 2. Let a(s) = t*g(s) + y*h(s). Determine a(2).
-4
Let c(y) = -126 + 261 + y - 136. Suppose -5*w = -10*w + 10. Suppose -w = -i - 0. Give c(i).
1
Let y(w) = -1 + 4*w - w + 2. Suppose 0 = 4*f - 6 - 2. Give y(f).
7
Let f(b) be the third derivative of -b**7/840 - b**6/60 - b**5/20 + b**4/24 - b**3/6 - 3*b**2. Let d(k) be the first derivative of f(k). Determine d(-5).
6
Let o(y) = -y**3 + 5*y + 5. Let a be o(-2). Let s(t) = -2*t**3 + 4*t**2 - 2*t - 1. Determine s(a).
-25
Let w(z) = -z**3 + z + 1. Let f be (3/2)/(4/(-8)). Let k(b) = b**2 - 5*b - 4. Let m be k(5). Let y be 8/m - (f + 1). Give w(y).
1
Let i(c) = -c + 1. Let s(u) = u**2 + 7*u - 12. Let n(j) = -4*i(j) - s(j). What is n(-6)?
-10
Suppose -16 = -4*f + 2*u, 2*u = -3*f - 3*u + 25. Let t(d) = d - 6. Let g be t(8). Let s(z) = -14 - 2*z**g + 10 + 8*z + z**2. Give s(f).
11
Let h be 4/24 + (-46)/(-12). Suppose h*s - 9*s + 25 = 0. Suppose 3*l - 3*z = 0, -s = -4*l + 3*z - 0. Let p(c) = -c**3 + 4*c**2 + 7*c - 4. Give p(l).
6
Suppose 13 = -6*q - 17. Let i be (-2)/q - 81/15. Let n(m) = m**2 - 2*m + 8. Let g(j) = 4*j**2 - 5*j + 25. Let d(o) = -2*g(o) + 7*n(o). Give d(i).
1
Let g(x) be the first derivative of -x**4/4 + 4*x**3/3 - x**2 + x + 3. Suppose 1 = 3*k - 5. Suppose -k*z + 0*b - 3 = -3*b, -2*b = 3*z - 15. Give g(z).
4
Let i = -52 + 47. Let c(k) = k - 2. What is c(i)?
-7
Suppose -11*n = -3*n + 64. Let k(d) = -d**3 - 7*d**2 + 8*d + 7. What is k(n)?
7
Let y(m) = 1 + m**2 - 2 + 9 + 6*m - 2. Let k = -9 + 29. Suppose -n + 5*n = -k. What is y(n)?
1
Suppose -3*g - 5 - 16 = l, -l = -5*g - 35. Let x(m) = -m**2 - 6*m + 8. Give x(g).
1
Let u(c) = 2*c**3 + c**2 + 2*c + 1. Let l be u(-1). Let o(r) = 11*r - 21*r + 12*r - 1. What is o(l)?
-5
Let d(i) = 6*i - 6*i**2 - 5*i**2 + 2 + 12*i**2. Calculate d(-5).
-3
Let u(s) = -s**3 + s**2 + 18. Suppose 8*p + 0 + 0 = 0. Give u(p).
18
Let q(t) = t**2 + t - 2. Suppose 0 = 5*n - 4*m - 26, 0 = n - 5*n - 4*m - 8. Calculate q(n).
4
Let f(w) = -w**2 + 3*w - 2. Suppose 0 = -2*a + 3*a + 2. Let h be (-1)/(7/a + 3). Suppose 0 = 5*n + 4*r + 1, -h*n - 6*r = -r + 14. What is f(n)?
-2
Let j(b) = -162*b**3 + 163*b**3 + 4 - 8*b - 5*b**2 + 0*b + 0*b**2. Determine j(6).
-8
Let s(u) = 5*u**2 - 5*u - 1. Let m(x) = -x**2 + x + 1. Let o(k) = 4*m(k) + s(k). What is o(3)?
9
Let f(y) = -y. Suppose 10*l - 1 = -21. What is f(l)?
2
Suppose 0 = -0*f - f. Let j(m) be the second derivative of f*m**2 - m + 1/12*m**4 + 0 + 0*m**3. Calculate j(-2).
4
Let u(p) = 7*p**3 - 4*p**2 + 7*p. Let z(c) = 3*c**3 - 2*c**2 + 3*c. Let r(x) = -4*u(x) + 9*z(x). Calculate r(-1).
0
Let z(t) = -t + 3. Let g = 5 + -9. What is z(g)?
7
Let n = -10 - -15. Suppose -c + n*c - 16 = 0. Let i be (c - 1)/(1 - 0). Let u(d) = -2*d**2 + 3*d - 1. Calculate u(i).
-10
Let c = 18 - 12. Let j(u) = -2*u + 9. What is j(c)?
-3
Let d(l) be the first derivative of -l**3/3 - 5*l**2/2 + 4*l - 45. Calculate d(-7).
-10
Let w = -8 + 5. Let x be -3*(-4)/18*w. Let v be -1 + 0 + 0 - x. Let k(r) = -3*r**2 - r. Calculate k(v).
-4
Let c = -20 + 13. Let b(o) = -o**2 - 7*o + 1. Calculate b(c).
1
Let d(l) = -l - 9. Let h be (-7)/2 - (-51)/(-34). Give d(h).
-4
Let b(x) = 28*x**3 + x + 24*x**3 - 5*x**2 - 51*x**3 - 5. Give b(5).
0
Let z be -1 + (-2)/(-3)*3. Let u be (2/4)/(z/(-10)). Let a(o) = -o**3 - 4*o**2 + 6*o + 6. Give a(u).
1
Let v(n) = n**2 + 5*n + 6. Let m be v(-5). Let j(y) = 3 - y**2 + 9 - 8 + 2*y**2 + m*y. Calculate j(-5).
-1
Suppose -2*j = 2*w + 10, -3*j + 4*w + 3 - 4 = 0. Suppose 5*n + 6 - 21 = 0. Let k(u) = -n + 5 + 0 - 2*u. What is k(j)?
8
Suppose 12*u - 50 = 2*u. Let k(d) = -d**2 - 1. What is k(u)?
-26
Let a(z) = -3*z**3 + z**2 - 2*z - 3. Let n(h) = h**3 - h**2 + h. Let p(l) = a(l) + 4*n(l). Let v = 6 + -4. What is p(v)?
-3
Let m(i) = i - 2. Suppose 0 = 2*w + 4*h + 16, -w + 2*h = -2*h - 16. Calculate m(w).
-2
Let v = -13 - -63. Suppose -2*o = -o - v. Let j be (-70)/o + (-3)/5. Let r(h) = h**2 - h - 2. Give r(j).
4
Suppose 4*g = y - 19, -4*y + 3*g + 12 = 1. Let n = 2 + 2. Let d(u) = -n*u + 4 - 4*u**3 - 3 + 5*u. What is d(y)?
4
Let s(b) = 3*b**2 - 23*b - 9. Let r be s(8). Let n(o) = 2*o**3 + o. Calculate n(r).
-3
Let a(o) = 2 + 9*o - 5*o**2 - 20*o**3 + 5*o + 15. Let r(m) = -7*m**3 - 2*m**2 + 5*m + 6. Let l = -5 - -22. Let z(t) = l*r(t) - 6*a(t). What is z(2)?
-6
Let h(k) be the first derivative of -k**3 - 5*k**2/2 + 14*k + 5. Let d(f) = f**2 + 2*f - 5. Let j(g) = 8*d(g) + 3*h(g). Determine j(3).
-4
Let w = -4 + 19. Let z(b) = 12 - 3*b - w + 2*b. Determine z(3).
-6
Let p(j) = -4*j. Let l be 3/(-4) - (-1)/(-4). Let n be (l/(2/(-6)))/1. Suppose -1 = -f - r, n*r + 10 = 3*f - r. Determine p(f).
-8
Let g(a) = 2*a - 3. Suppose 3*s = -s - 16. Let j(w) = -w. Let y be j(s). Determine g(y).
5
Let f(a) = 2*a - 5*a + 3 + 2*a**2 - 3*a**2. Let h be 8 - 1 - (-140)/(-28). Calculate f(h).
-7
Let o(y) = y. Let l(n) = n + 3. Let u be l(4). Suppose -u*t + 10 = -2*t. Determine o(t).
2
Let c(r) = 17*r**2 + 2 - 18*r**2 + 8*r + 1. Calculate c(7).
10
Let g(c) be the first derivative of -3*c**3 - 3. Let o = -38 - -39. Give g(o).
-9
Let q(c) = 3*c**2 - c - 4. Let r(x) = -8*x**2 + 4*x + 12. Let j(g) = 11*q(g) + 4*r(g). Suppose -5 = 2*v + 3. Give j(v).
0
Let t = -12 + 15. Let q(j) = -j**2 + j. What is q(t)?
-6
Let s(n) be the third derivative of -n**4/6 + n**3/2 - 6*n**2. Let o(t) = 0*t - 3 + t + 2*t. Let f(h) = 6*o(h) + 5*s(h). Give f(-4).
5
Let x(m) = -71*m + 34*m + 34*m + 2. Determine x(2).
-4
Let r(b) = b**2 - 12*b + 20*b + 2*b + 5. Determine r(-7).
-16
Let q(h) = -8 + 11 - 2*h - 6. Let o(t) = -t**2. Let s be o(-2). Let p be 2 + -3 + s*1. Calculate q(p).
7
Let g(h) = -h**2 + 7*h - 3. Suppose 5*r - 27 = -a, 4*a - 5*r - 3 = 5. Calculate g(a).
-3
Suppose -3*l + 2 + 7 = 0. Let s(j) = -j**2 + 2*j - 1. Let r(v) = 1. Let k(y) = -3*r(y) - 2*s(y). Determine k(l).
5
Let b(h) be the third derivative of -h**6/120 - h**5/15 + h**4/4 + 3*h**2. Suppose -3*v - 3*j = -j + 5, 1 = -j. Let t be 0/(2/v) - 5. Calculate b(t).
-5
Let x(w) = -w**3 + 4*w**2 - 1. Let a(l) = l**2 + 4*l - 6. Let c be a(-5). Let u be c + (4 - 1) - -2. Calculate x(u).
-1
Let l = 29 + -26. Let f = -2 - -7. Let p(x) = -f*x + 4 + x + 3*x. What is p(l)?
1
Let a(c) = 3*c**2 + 2*c + 2. Let m(x) = x**2 - x + 1. Let f(p) = a(p) - 2*m(p). Calculate f(-4).
0
Let c(v) = -v**2 + 5*v - 7. Let d be 1 + -2 + -3 - -1. Let t be -2 - (3 + d + -7). What is c(t)?
-7
Let w(o) be the third derivative of o**6/120 - o**5/20 - o**4/24 - o**3/2 + o**2. Let r = -8 + 20. Suppose r = 4*n, -15 = -4*m - 0*n - n. What is w(m)?
-6
Let n(f) = 4*f + 2. Let h be n(-2). Let t(p) = -2*p - 7. Calculate t(h).
5
Let a(y) be the second derivative of y**4/12 + 5*y**3/6 - 2*y**2 - 8*y. Give a(-6).
2
Suppose h = -4 - 2. Let k(b) = b**2 + 16*b + 2 + 2 - 10*b. What is k(h)?
4
Let a(n) = -n**2 - 2*n - 2. Suppose 0 = -2*f - f - 24. Let t = f + 5. Give a(t).
-5
Let i(y) = y**3 + 2*y**2 - 3*y + 1. Suppose -2*w - 6 = 2*z - 20, -5*z + w = -5. Suppose b = -o + 6, -z*b + 3*o - 12 = -o. Calculate i(b).
11
Let o(u) = 2 + 2 + 0*u - 2*u - u**2 + 5*u. Calculate o(3).
4
Suppose -44 = -8*z - 14*z. Let d(x) = -x**3 + 6*x**2 + 3. Let a be d(6). Let y(u) = -1 - u**2 - 2*u + u**a + u**2. Determine y(z).
3
Let o(s) = -3*s**2 - 3*s. Let x(g) = -3*g + 1 + 5 - g + 2*g. Let c be x(4). Determine o(c).
-6
Let w(y) = y**2 - y + 2. Let z = 7 - 7. Let v be w(z). Let q(h) = -3*h + 2. Calculate q(v).
-4
Let p(b) = -b**3 - 4*b**2 + 4*b - 4. Suppose 4*y + 8 = 6*y. Suppose -y*u = -0*u. Let f be -5 - u/(1 - -1). Calculate p(f).
1
Let i(d) = d**3 - 4*d**2 - 5*d + 3. Let s be i(5). Let t be -3*(s + 0 - 2). Let l(a) = -2*a + 4. Determine l(t).
10
Let z(f) be the second derivative of -f**3/6 + f**2 + 12*f. Suppose -5 = -4*c + 7. Calculate z(c).
-1
Let j(w) be the second derivative of -w**7/2520 + w**6/90 - 3*w**5/40 + w**4/3 - w. Let q(y) be the third derivative of j(y). Give q(6).
3
Let w(f) = -2 - 1 + f - 3*f + 5*f. Determine w(5).
12
Let m(h) = -2*h**3 + 2*h**2 - 2*h + 2. Su